e i(h). What is the highest common divisor of 3 and j?
1
Let d be -2*(-14)/(-42) + 5561/3. What is the greatest common factor of 34 and d?
17
Suppose 38 = -5*w + 3. Let t(a) = a**3 + 7*a**2 - 3*a + 2. Let h be t(w). Let r = h + -17. What is the highest common divisor of r and 6?
6
Let i be (20/(-8))/(2/(-24)*2). Suppose -i = -q - 8. Calculate the highest common divisor of 21 and q.
7
Let t be 170/595*(-1 + 617). Calculate the highest common divisor of t and 330.
22
Let w(y) = 17*y**2 + 8*y - 85. Let v be w(5). Calculate the greatest common divisor of 10 and v.
10
Let p = 8 + -8. Let y be p + 15 + (-16 - -14). Suppose 100 - 18 = 2*r - x, 3*x = 4*r - 168. Calculate the greatest common divisor of y and r.
13
Let t(a) = -a + 1. Let l(m) = -m**2 - m + 14. Let n(i) = l(i) + 4*t(i). Let b be n(-7). Calculate the highest common divisor of b and 4.
4
Suppose -r - r = 2, 4*f + 553 = -5*r. Let i = f - -147. Calculate the greatest common factor of i and 70.
10
Let x(w) = -w**3 - w**2 + 2*w + 2. Let y be x(-2). Let a be (y/6)/(1/57). Let f be 21/(-12)*(-77 - -1). Calculate the greatest common divisor of f and a.
19
Suppose -5*q - 4 = -9*q, 4*a + q - 4257 = 0. Calculate the highest common divisor of a and 56.
56
Let j = -715 + 733. Calculate the highest common divisor of 846 and j.
18
Suppose 0 = 14*m - 18768 - 10310. Calculate the greatest common factor of 67 and m.
67
Let i(u) = u**3 - u**2 - 5*u + 2. Let t be i(3). Suppose -4*w - t*x + 66 = 0, -2*w - 4*x + 0*x = -30. Calculate the highest common divisor of w and 209.
19
Let b be -5 + 84 + 0 - 0. Calculate the highest common factor of b and 1106.
79
Suppose 5*k = -5*m + 235, 0*m + k = -2*m + 89. Let h be (-1)/(10 + 987/(-98)). Calculate the greatest common factor of m and h.
14
Suppose -2*s - 2*s + 63 = -p, -5*s = p + 90. Let u = 130 + p. Calculate the highest common factor of u and 5.
5
Suppose l = -4*q + 61, 41*l - 45*l = 12. Let f(i) = -3*i - 10. Let b be f(-6). What is the greatest common divisor of q and b?
8
Let j(b) = -b - 38. Let i be j(0). Let h = -25 - i. Let q = 34 - -18. What is the greatest common divisor of q and h?
13
Let h(p) = -p**2 + 6*p + 5. Let g be h(6). Suppose -207 = -g*u + 153. Calculate the highest common divisor of 180 and u.
36
Let c(i) = -70*i + 129. Let l be c(-6). Calculate the greatest common divisor of l and 122.
61
Suppose -314 = -32*p - 58. Calculate the highest common divisor of 7 and p.
1
Let n = -396 + 283. Let i = -105 - n. Calculate the greatest common divisor of 104 and i.
8
Suppose 0 = 15*g + 407 - 1082. What is the greatest common factor of g and 1215?
45
Suppose 0 = 3*l - 3*k - 3, -3*k - 3 = 4*l - 14. Suppose -l*h - 2 = -3*h. Calculate the greatest common divisor of 2 and h.
2
Let d be (-13)/(39/(-168)) - 12/(-3). Calculate the greatest common divisor of 12 and d.
12
Let m(i) = -2*i - 18. Let b be m(-11). Let x be (-3*424/96)/((-1)/b). What is the highest common divisor of x and 371?
53
Let r be 2 + 76/28 - 2/(-7). Suppose -17 + 2 = u. Let y be 69/r + (-3)/u. Calculate the greatest common factor of y and 112.
14
Let t = -243 - -307. Let a(y) = 2*y - 6. Let m(g) = -3*g - 2. Let v be m(-3). Let n be a(v). Calculate the greatest common factor of n and t.
8
Suppose 0 = 49*i - 3190 - 338. What is the greatest common factor of i and 36?
36
Suppose -3*s - 117 = -v, -35*v + 433 = -31*v - 5*s. Calculate the greatest common divisor of 54 and v.
6
Suppose -2*d + 3 + 1 = 0. Suppose -5*r - 26 = -4*u + 2*u, 4*r - 26 = -u. What is the greatest common divisor of u and d?
2
Let k(a) = 1 + 2 + 2*a - 2*a**2 - 2. Let d be k(2). Let u be 6 - (-2 + 2 + d). What is the highest common divisor of 18 and u?
9
Let b(y) = y**2 - 7*y - 11. Let a be b(9). Suppose -a - 7 = -2*j. Suppose -14*q = -3*q - 231. Calculate the greatest common divisor of q and j.
7
Let w be (4 - 4)/(2/(-1)). Suppose w = -3*g + 2*g + n + 7, -3*g + 2*n = -16. Suppose -6*b = -g*b - 608. What is the greatest common factor of 38 and b?
38
Suppose 5*i - 49 = 46. Let p be -21*(3 + (-45)/21). Let g be p/117 - (-496)/13. Calculate the highest common factor of g and i.
19
Suppose -135 = -3*h + 18. Suppose -15 = -5*u, -2*u + h = 2*m + 3*u. Calculate the greatest common factor of m and 6.
6
Let h = -6 + 8. Suppose -2*f = -6, -2*t = 3*f + h*f - 47. Let c = -37 - -53. What is the greatest common factor of t and c?
16
Let o be 8/(-3)*9/(-2). Suppose b = 6*b - 2100. Suppose 0 = -4*t + 9*t - b. What is the greatest common factor of o and t?
12
Let f = 4 - 2. Suppose -2*o = f*c - 58, -5*c + 5*o + 64 = -51. Let i be (1 - 3)*845/(-26). What is the greatest common divisor of i and c?
13
Let n(f) = 2*f**2 - 2*f. Let a be ((-1)/(-2))/(2/4). Let i be (8/16)/(a/6). Let o be n(i). What is the highest common divisor of 60 and o?
12
Let k(h) = -h**3 + h + 2. Let y be k(0). Let d be (31 - 2) + -1 + y. Let n = d + -13. Calculate the greatest common factor of 187 and n.
17
Let u be (0 + -12)*36/(-48). Let s(d) = -d**3 + 9*d**2 + 4*d + 6. Let c be s(u). Suppose 12 = 3*f - c. What is the highest common factor of f and 54?
18
Let c(r) = 3*r**2 + 111*r + 223. Let j be c(-2). What is the greatest common factor of j and 1053?
13
Suppose -3*g + 3 = -4*x, 4*x + 2*g + 1 - 3 = 0. Let h(j) = j**2 - 10. Let b be h(x). Let t be (-6)/b + 1071/15. What is the greatest common divisor of 8 and t?
8
Let p be -3*(-3 - 4/(-3)). Suppose -4*t - 8 = -5*v, 11 = -p*v - 4*t + 3. Suppose 2*z + 0 - 10 = v. Calculate the highest common divisor of z and 10.
5
Let i be 4/16 - (-54)/8. Let s(n) be the first derivative of 4*n**2 - 6*n + 1. Let b be s(i). Calculate the greatest common factor of b and 75.
25
Let n be ((-89)/(-4) - 1/4) + -6. Calculate the greatest common factor of n and 664.
8
Let m = -10 - -15. Let f be 0 + (3 - m) - -9. Let j = f + 3. Calculate the highest common factor of j and 80.
10
Suppose 2*q = -10 + 36. Suppose 3*i = q + 38. Calculate the greatest common divisor of 187 and i.
17
Let s = 26 - -11. Let y = s + -32. What is the greatest common factor of 10 and y?
5
Suppose 5*i + 6 - 308 = -2*v, 5*v = 3*i - 206. Calculate the highest common divisor of 372 and i.
62
Suppose -4*h = 5*c - 17 - 60, -3*c = 2*h - 39. Suppose 4*l - 2*d = 2*d + 176, 3*d - 3 = 0. Calculate the highest common factor of h and l.
9
Suppose 0 = -24*d + 17*d + 3654. Calculate the highest common factor of 18 and d.
18
Let z be (-48)/(-21) + -2 - 1780/(-140). Calculate the greatest common divisor of z and 208.
13
Let m(o) = -37*o - 1. Let k be m(-1). Suppose -4*f + s + 36 = -s, 4*f = -s + k. Let g be 73 - 6 - (-2 + -3). What is the highest common divisor of f and g?
9
Suppose 0 = -124*u + 135*u - 1848. Let x(z) = z**3 - z**2 + z + 24. Let d be x(0). What is the highest common divisor of u and d?
24
Let x(o) = 2*o**2 + 6*o - 6. Let j = 28 - 34. Let s be x(j). What is the highest common divisor of s and 15?
15
Let l be 2 + 1/(2/(-24)). Let v be (-128)/l - (-4)/20. Suppose 0 = v*d - 17*d + 48. What is the greatest common divisor of d and 3?
3
Let a be (8/(-48))/(3/(-54)). What is the highest common factor of a and 123?
3
Suppose -10*u + 22847 = 21*u. Calculate the greatest common divisor of u and 22.
11
Suppose -2*r = -3*r + 12. Calculate the highest common divisor of 21 and r.
3
Let o = -51 + 54. Suppose 3*r = 2*r + 6. Let m = -3 + r. What is the greatest common factor of m and o?
3
Let z(j) = 15*j**2 - 5*j - 5. Let n be 22/(-6) + 5/3. Let i be z(n). What is the highest common factor of 13 and i?
13
Suppose 3*o = 28*o - 100. Calculate the greatest common factor of o and 53.
1
Let f be (-4284)/294*((-2)/(-2) + -8). Calculate the highest common divisor of 34 and f.
34
Suppose f = 3*f + 278. Let r = f + 64. Let b be (-1 + -7)*r/6. Calculate the greatest common factor of 20 and b.
20
Let n be (1 - 3/6)/((-7)/(-14)). Let a be ((-3)/6)/(n/(-4)). What is the highest common factor of 5 and a?
1
Suppose 4*h - 48 = 16. Calculate the highest common divisor of 316 and h.
4
Let f(s) = -3*s**3 + 2*s**2 + 4*s + 2. Let v = 27 - 29. Let p be f(v). What is the greatest common factor of 39 and p?
13
Suppose 0 = -2*o - t + 12, 4*o - o - 12 = -3*t. Let d(c) = c**2 - 9*c + 7. Let g be d(8). Let u = g - -3. What is the highest common divisor of o and u?
2
Let n = 117 + -90. Calculate the highest common divisor of 